 base 12, what is -93a52 + -66?
-93ab8
In base 3, what is 212010202010102 - -100?
212010202010202
In base 16, what is -28 - -8727?
86ff
In base 3, what is 222010021100 - 11212?
222010002111
In base 3, what is 0 + -112212210100022?
-112212210100022
In base 8, what is 1743342274 + 4?
1743342300
In base 10, what is -302426 - -12?
-302414
In base 11, what is -19594a200 - -2?
-19594a1a9
In base 4, what is 321223232021 + 302?
321223232323
In base 9, what is 0 + -11151111?
-11151111
In base 3, what is -10002 - -22022211020?
22022201011
In base 11, what is -2527 - -1558?
-a7a
In base 9, what is -518616 - -285?
-518321
In base 15, what is -1b7 - -602?
43a
In base 5, what is -30 + -3401101202?
-3401101232
In base 16, what is -94363 - 48?
-943ab
In base 3, what is -10222120000012110 - 111?
-10222120000012221
In base 5, what is 34320001 + -212?
34314234
In base 14, what is 3 + -1505a899?
-1505a896
In base 6, what is -1223 - 1250340?
-1252003
In base 8, what is 31 + -11451107?
-11451056
In base 12, what is b1158b - b?
b11580
In base 14, what is 15c44 - 5?
15c3d
In base 3, what is -1221000101102 + -1020?
-1221000102122
In base 14, what is 241c9ab3 - -1?
241c9ab4
In base 2, what is 100010001011100001000 - 1011100?
100010001011010101100
In base 3, what is -11020 - -11122100122001?
11122100110211
In base 4, what is -33022 - 3010030?
-3103112
In base 16, what is -1d2cab + -65?
-1d2d10
In base 5, what is 1323 + 10014434?
10021312
In base 15, what is -b8 + -884c79?
-884d42
In base 9, what is 17014264 - 16?
17014247
In base 12, what is 369 + -641948?
-64159b
In base 10, what is 1380 - -1663?
3043
In base 7, what is -5332516006 - -4?
-5332516002
In base 13, what is -36 + -1b6376?
-1b63ac
In base 8, what is 14736 - 4645?
10071
In base 10, what is -637416 - 17?
-637433
In base 15, what is b29de337 - 5?
b29de332
In base 12, what is -45b5898 - 6?
-45b58a2
In base 15, what is 104 + 86506?
8660a
In base 8, what is 5 + -270621671?
-270621664
In base 7, what is -6 + 5165652?
5165643
In base 3, what is 11 - 1021101102101211?
-1021101102101200
In base 3, what is -20120101 - 102022012?
-122212120
In base 16, what is 299 - 5b68b?
-5b3f2
In base 8, what is 1416 + -70034?
-66416
In base 5, what is 103303130 + -43?
103303032
In base 13, what is -4200 - 237bc?
-279bc
In base 16, what is 15cd6c + -37?
15cd35
In base 14, what is -4a4d7 - -10?
-4a4c7
In base 15, what is 1593 + 147?
16da
In base 6, what is 1 + 54320311?
54320312
In base 4, what is 23032323313 + 120?
23032330033
In base 5, what is -2 + -32332223040?
-32332223042
In base 9, what is 65 + 21173334?
21173410
In base 7, what is 402144142 + -5?
402144134
In base 8, what is -2255731 + 25?
-2255704
In base 11, what is 6 + -49a1a29?
-49a1a23
In base 12, what is 1528934 - 4?
1528930
In base 6, what is -4 - -1055501354?
1055501350
In base 2, what is 1011100111011000 + -111011101101100?
100001001101100
In base 4, what is 3000200220323 - 11?
3000200220312
In base 13, what is 983711 + 1?
983712
In base 12, what is 113523 - 374?
11316b
In base 12, what is -b18b5 + -26?
-b191b
In base 9, what is -22 + -303145?
-303167
In base 15, what is -57dc5 - -1c?
-57da8
In base 13, what is 70 + -24212a?
-24208a
In base 7, what is 603425 - -1533?
605261
In base 13, what is -4 - 2b76b118?
-2b76b11c
In base 12, what is 28b1ba4 - -5?
28b1ba9
In base 10, what is 13737451 - 0?
13737451
In base 8, what is -4 - -2066176?
2066172
In base 14, what is -3509b - -56?
-35045
In base 8, what is -1515423 + 10?
-1515413
In base 4, what is 302100310 + 222100?
302323010
In base 14, what is 0 - -2743c0?
2743c0
In base 8, what is -3072535 - 2305?
-3075042
In base 8, what is 11 + -121576446?
-121576435
In base 2, what is 1 + -11000011010000011100000?
-11000011010000011011111
In base 12, what is 15819b74 + 2?
15819b76
In base 15, what is 5e1 + -2687?
-2096
In base 5, what is 200 + -30332214?
-30332014
In base 15, what is 4 + 7bcc718?
7bcc71c
In base 3, what is -11 + -1121122000220211?
-1121122000220222
In base 15, what is -61b - -768cb?
762b0
In base 15, what is 9 - -e2a620?
e2a629
In base 12, what is 19 + -12aa50a?
-12aa4b1
In base 16, what is -1 - 8cf304?
-8cf305
In base 12, what is -543 + -344617?
-344b5a
In base 6, what is 120003 - -4522?
124525
In base 11, what is 216778a + 5?
2167794
In base 5, what is 3204041101 - -14?
3204041120
In base 14, what is 3 - -2ab139?
2ab13c
In base 15, what is 217e8 - -6e6?
21ede
In base 14, what is -dbbcb2 - 0?
-dbbcb2
In base 11, what is 8 - -a46218?
a46225
In base 13, what is 3 - 12374b6?
-12374b3
In base 6, what is -2 + 51423121322?
51423121320
In base 8, what is 574430742 - -2?
574430744
In base 15, what is 1 + -1647b3e?
-1647b3d
In base 2, what is 10011 - 10011010001111101100?
-10011010001111011001
In base 6, what is -13544425 - 12?
-13544441
In base 10, what is -2 + 7454237?
7454235
In base 3, what is 102212 - 102101200111?
-102101020122
In base 11, what is 12a5 + -6813a?
-66945
In base 14, what is 186 - d364b?
-d34a5
In base 8, what is -2 - 144101732?
-144101734
In base 12, what is 1 - -48a11?
48a12
In base 4, what is -10303132 + -1120?
-10310312
In base 16, what is 79e066 + e?
79e074
In base 8, what is 5541240 - -42?
5541302
In base 5, what is 1100042 + 221?
1100313
In base 7, what is 13036 - -1444?
14513
In base 7, what is -254235 - -56262?
-164643
In base 16, what is 0 - -3b0892c?
3b0892c
In base 11, what is 15956 - 283?
15683
In base 4, what is -103120233 - -12333?
-103101300
In base 9, what is -46708055 - 6?
-46708062
In base 5, what is 2234 - -10014104?
10021343
In base 11, what is 3 - -9406168?
9406170
In base 6, what is -20441142503 + -2?
-20441142505
In base 5, what is -11121 - 410?
-12031
In base 14, what is 138d249 - 0?
138d249
In base 7, what is -6566153 - -104?
-6566046
In base 12, what is 78563 - -713?
79076
In base 11, what is -1855054 + -1?
-1855055
In base 3, what is -10 + -2212122222002?
-2212122222012
In base 10, what is 130 + 647114?
647244
In base 15, what is -439d96 + -8?
-439d9e
In base 7, what is -6051 - 31054?
-40135
In base 8, what is -5624 + 134405?
126561
In base 9, what is -1133347 - -10?
-1133337
In base 6, what is -21 - -25050020?
25045555
In base 11, what is -1115 + -122365?
-12347a
In base 15, what is -40a72e + 19?
-40a715
In base 6, what is 10133204 + 1415?
10135023
In base 5, what is 2314 + 101024444?
101032313
In base 5, what is 432331241 - -1312?
432333103
In base 9, what is 66513 - -6360?
73873
In base 9, what is 23855 + 16512?
41467
In base 16, what is -7d98 - 24?
-7dbc
In base 12, what is 543648 + -7?
543641
In base 14, what is b - -8d28c?
8d299
In base 4, what is -2211131 + -31311?
-2303102
In base 3, what is -11221 + 122111022?
122022101
In base 3, what is -1201222012021201112 + -11?
-1201222012021201200
In base 4, what is -1123301333131 + -3?
-1123301333200
In base 16, what is 1 + 204908f?
2049090
In base 5, what is 10312 + 14304301?
14320113
In base 7, what is 5 - 4011263?
-4011255
In base 16, what is 5 + -414b7b9?
-414b7b4
In base 8, what is 4630 + 5140?
11770
In base 4, what is 3032231023 - 11003?
3032220020
In base 10, what is 811 + 61?
872
In base 12, what is -30ba8034 + 3?
-30ba8031
In base 5, what is -1043 + -114434322?
-114440420
In base 6, what is -1110 + 22554?
21444
In base 6, what is 54 - -115204535?
115205033
In base 4, what is 110310210 + -1301?
110302303
In base 13, what is 1050 + 8922?
9972
In base 15, what is 344 + 2d16c?
2d4b1
In base 2, what is 110011001110000001 - -10110011010?
110011100100011011
In base 3, what is -10022222001201021 + 1?
-10022222001201020
In base 5, what is -3010042224 + 23?
-3010042201
In base 16, what is -5278e - 1d?
-527ab
In base 9, what is 78 + -518862?
-518773
In base 16, what is -b5 + -428d6?
-4298b
In base 4, what is -3303102320 + -3?
-3303102323
In base 9, what is -43005811 - -1?
-43005810
In base 6, what is -3125302010 + 22?
-3125301544
In base 11, what is -12 + -1207141?
-1207153
In base 16, what is -160 + e88b?
e72b
In base 5, what is 114233 + -3420402?
-3301114
In base 6, what is 300255105 + 2?
300255111
In base 5, what is -3142 - -1041232?
1033040
In base 14, what is 347613d + 5?
3476144
In base 10, what is 17 + -81848465?
-81848448
In base 16, what is -3a149b8 - 0?
-3a149b8
In base 13, what is -142144 + 6a?
-1420a7
In base 12